 b**3 - 8*b**2 + 7*b + 22. Give z(5).
-18
Let w(b) = -b**3 + 5*b**2 - b + 10. Determine w(5).
5
Let i(s) = -s**2 - 8*s - 14. Determine i(-3).
1
Let r(x) = x**2 + 4*x - 19. Calculate r(-6).
-7
Let i(z) = -13*z - 9. Determine i(5).
-74
Let d(c) = c**3 - 2*c**2 + 2*c + 2. Give d(-2).
-18
Let l(u) = -u**3 + u**2 + 2*u + 2. Give l(-3).
32
Let c(g) = -g**3 - 2*g**2 - g - 3. Give c(-2).
-1
Let i(a) = a**3 + 7*a**2 + 8*a + 2. Give i(-5).
12
Let f(t) = t**2 + 3*t - 6. Determine f(-4).
-2
Let q(c) = c**2 + 3*c - 9. What is q(-5)?
1
Let z(p) = -p - 10. Give z(-6).
-4
Let g(u) = 31*u**3 - u + 2. Determine g(1).
32
Let w(c) = -2*c**3 - 18*c**2 - 4*c - 19. Calculate w(-9).
17
Let s(q) = 2*q - 8. Calculate s(-5).
-18
Let j(x) = x + 15. What is j(-7)?
8
Let p(u) = -u**3 - 17*u**2 - 17*u - 14. Calculate p(-16).
2
Let g(r) = -r**2 + 11*r - 18. What is g(7)?
10
Let c(k) = -3*k**2 - 14*k + 1. Calculate c(-6).
-23
Let a(d) = -d**2 + 6*d - 12. Calculate a(5).
-7
Let l(f) = 2*f + 4. Calculate l(0).
4
Let g(z) = -5*z - 199. What is g(-39)?
-4
Let s(j) = j**2 + 2*j - 59. Determine s(0).
-59
Let c(l) = l**2 - 19*l + 73. What is c(8)?
-15
Let g(n) = -n**3 + 11*n**2 + 16*n + 1. What is g(13)?
-129
Let i(f) = 4*f + 62. Give i(-15).
2
Let s(c) = -2*c**2 - 2*c + 1. Calculate s(-4).
-23
Let k(w) = 2*w - 58. Calculate k(28).
-2
Let n(f) = f**3 + 5*f + 6. Calculate n(0).
6
Let s(u) = -u**3 - 2*u**2 + 2*u + 1. Give s(-2).
-3
Let i(l) = -l**3 - 3*l**2 - 2*l + 15. Determine i(0).
15
Let g(h) = -h**2 - 11*h. What is g(-10)?
10
Let p(s) = s**3 - 7*s**2 + 9*s - 4. What is p(5)?
-9
Let c(d) = -d**2 - 35*d + 448. Give c(10).
-2
Let n(j) = j + 7. Determine n(-8).
-1
Let y(f) = 25*f - 17. What is y(1)?
8
Let x(s) = -s**3 - 24*s**2 + 2*s + 49. Give x(-24).
1
Let z(f) = -f**2 - 25*f + 10. Calculate z(-25).
10
Let o(d) = 6*d - 23. Calculate o(3).
-5
Let f(n) = n**3 - 21*n**2 - 2*n + 40. Determine f(21).
-2
Let z(m) = -m**3 - 17*m**2 - 18*m + 13. Give z(-16).
45
Let j(d) = -d**3 + 3*d**2 + d + 2. Give j(4).
-10
Let d(w) = w**3 + 3*w**2 + 2*w - 3. Calculate d(1).
3
Let w(t) = -2*t**2 + 14*t - 2. Calculate w(7).
-2
Let v(y) = y**3 - 20*y**2 + 19*y - 4. What is v(19)?
-4
Let o(f) = 49*f**3 - 3*f + 2. What is o(1)?
48
Let a(n) = -n**2 - 16*n - 17. Give a(-17).
-34
Let j(s) = -s**3 + 26*s**2 - 44*s + 3. Determine j(2).
11
Let i(y) = 4*y**2 - 9*y - 8. Give i(-1).
5
Let q(j) = -j**3 - 24*j**2 - 2*j - 57. What is q(-24)?
-9
Let t(w) = w**3 + 4*w**2 + 3*w + 6. Determine t(-4).
-6
Let z(l) = -l**3 + 5*l**2 - l + 19. Calculate z(5).
14
Let f(p) = 2*p**3 - 2*p**2 - p. Calculate f(2).
6
Let j(s) = -2*s**2 - 1. What is j(3)?
-19
Let r(y) = 121*y**2 - 3*y - 3. Calculate r(-1).
121
Let j(t) = t**3 + 8*t**2 + 7*t + 4. What is j(-7)?
4
Let c(i) = i**2 - 16*i - 4. Determine c(16).
-4
Let d(z) = -11*z + 150. Determine d(15).
-15
Let r(t) = 9*t - 4. Determine r(3).
23
Let o(n) = -n**3 - 7*n**2 - n - 6. What is o(-7)?
1
Let i(n) = -2*n**3 + 7*n**2 + 2*n + 1. Calculate i(5).
-64
Let v(q) = q**2 - 4*q - 2. Determine v(4).
-2
Let z(y) = y**2 - y - 9. Determine z(0).
-9
Let m(j) = 5*j**2 + 12*j + 11. Give m(-1).
4
Let q(h) = -3*h - 39. Determine q(-21).
24
Let n(m) = -m**2 - 14*m - 19. Give n(-15).
-34
Let r(k) = k**3 + 20*k**2 + 35*k - 22. Calculate r(-18).
-4
Let v(o) = 4*o + 6. What is v(4)?
22
Let l(t) = t**3 - 4*t**2 - 27*t + 38. What is l(6)?
-52
Let n(o) = -o**2 + 6*o - 5. Determine n(7).
-12
Let f(g) = g**2 - 18*g - 19. What is f(19)?
0
Let z(t) = -t**3 - 2*t**2 - 3. Give z(-4).
29
Let s(c) = c**3 + 16*c**2 + 30*c + 36. What is s(-14)?
8
Let h(o) = -3*o**3 + 11*o**2 - 13*o + 9. Determine h(4).
-59
Let d(z) = -10*z - 52. Determine d(-7).
18
Let c(i) = -i**3 + 4*i**2 + 8*i - 10. Give c(5).
5
Let l(p) = -p**3 + 21*p**2 + 20*p + 38. What is l(22)?
-6
Let k(s) = -s**3 - s**2 - s - 2. Give k(-2).
4
Let m(k) = -3*k**2 - 1. Determine m(1).
-4
Let a(l) = l**3 - 3*l**2 + 2*l - 2. Calculate a(2).
-2
Let p(j) = -2*j**2 + 9*j - 6. What is p(4)?
-2
Let s(r) = r**3 + 4*r**2 + r - 4. Calculate s(-4).
-8
Let h(z) = 2*z**2 + 11*z - 6. What is h(-8)?
34
Let x(y) = y**3 + 18*y**2 - 18*y + 9. Calculate x(-19).
-10
Let i(f) = f**2 + f - 11. Calculate i(5).
19
Let o(m) = m**3 - 5*m**2 + 4*m + 1. What is o(2)?
-3
Let o(j) = -j**2 - 4*j - 4. Give o(-6).
-16
Let h(n) = n**3 - 7*n**2 - 14*n - 9. Determine h(8).
-57
Let g(y) = y**3 - 7*y**2 + 6*y + 3. Determine g(6).
3
Let d(g) = g**2 + 4*g - 1. What is d(-3)?
-4
Let b(y) = -y**2 - 4*y - 18. Calculate b(-12).
-114
Let r(h) = h**3 - 13*h**2 - 17*h - 8. Calculate r(14).
-50
Let c(x) = -5*x**2 + 47*x - 10. What is c(9)?
8
Let b(k) = -6*k - 18. Calculate b(-6).
18
Let k(h) = -3*h + 15. What is k(2)?
9
Let i(s) = -s + 22. What is i(19)?
3
Let t(k) = 23*k - 39. Calculate t(4).
53
Let m(a) = a**2 - a - 1. Calculate m(-3).
11
Let h(o) = 12*o - 5. What is h(1)?
7
Let g(o) = o**3 + 16*o**2 + 10*o - 22. Calculate g(-15).
53
Let p(g) = g**2 - 60*g - 127. Calculate p(62).
-3
Let f(w) = -12*w + 19. Give f(3).
-17
Let h(g) = -g - 17. Give h(-9).
-8
Let a(y) = -y**2 + 2*y + 1. Calculate a(5).
-14
Let v(t) = -t**2 - 21*t + 74. Calculate v(3).
2
Let h(r) = -12*r + 8. Calculate h(8).
-88
Let l(g) = g + 12. What is l(5)?
17
Let x(k) = -k**2 - 3*k + 8. Determine x(-6).
-10
Let l(n) = 51*n - 106. Give l(2).
-4
Let m(i) = -i**3 + 7*i**2 + 3*i - 2. What is m(7)?
19
Let v(o) = -o**3 - o + 2. Determine v(0).
2
Let h(k) = -10*k**3 + 2*k**2 - 2*k. Determine h(1).
-10
Let u(y) = 2*y + 52. Determine u(-23).
6
Let y(j) = j**2 - 8*j - 3. Determine y(6).
-15
Let r(j) = -j**2 - 8*j - 2. Give r(5).
-67
Let w(f) = -f**3 + 15*f**2 + 34*f + 15. Determine w(17).
15
Let d(p) = p + 3. Calculate d(-5).
-2
Let a(w) = -4*w + 16. Give a(5).
-4
Let c(b) = b**3 + 9*b**2 - 4*b + 14. Give c(-10).
-46
Let n(i) = -4*i**3 + 2*i**2 - 2*i + 12. What is n(0)?
12
Let b(o) = -o - 5. Determine b(12).
-17
Let p(s) = 77*s + 3. Determine p(-1).
-74
Let p(o) = -11*o + 29. What is p(7)?
-48
Let y(a) = -12*a - 26. What is y(-3)?
10
Let m(i) = i**2 - 16*i - 18. What is m(17)?
-1
Let m(d) = -d**3 + 10*d**2 - 12*d + 19. Determine m(9).
-8
Let q(b) = -2*b + 11. Give q(9).
-7
Let c(o) = 77*o**3 + o**2 + 2*o + 1. What is c(-1)?
-77
Let y(d) = d**3 - 14*d**2 + 27*d - 14. Give y(11).
-80
Let i(x) = -29*x - 210. What is i(-7)?
-7
Let y(o) = o**2 + 2*o - 12. Determine y(-6).
12
Let k(u) = u**3 - 13*u**2 - 15*u + 2. Give k(14).
-12
Let a(l) = -3*l**3 - 10*l**2 + 7*l - 5. Determine a(-4).
-1
Let t(h) = -2*h - 4. What is t(-7)?
10
Let j(u) = 2*u + 32. Calculate j(-10).
12
Let w(k) = -k**2 + 12*k + 29. Determine w(14).
1
Let j(k) = -176*k + 1236. Calculate j(7).
4
Let r(k) = -2*k**3 + 31*k**2 - 15*k - 4. Determine r(15).
-4
Let v(j) = j**2 + 9*j + 17. Give v(-5).
-3
Let n(v) = -12*v - 323. Calculate n(-27).
1
Let c(d) = -d**2 - 2*d - 6. Calculate c(0).
-6
Let s(c) = -3*c**3 + 10*c**2 - 5*c - 3. What is s(3)?
-9
Let h(i) = -i + 11. Calculate h(9).
2
Let o(i) = i**3 + 14*i**2 + 13*i - 2. What is o(-13)?
-2
Let o(s) = -9*s - 2. Give o(-3).
25
Let l(c) = -4*c + 13. Give l(6).
-11
Let m(g) = g + 6. Give m(-13).
-7
Let d(c) = 2*c**2 + 40*c + 191. Determine d(-8).
-1
Let k(w) = w + 2. Give k(6).
8
Let b(x) = x**3 + 7*x**2 + x + 1. Determine b(-5).
46
Let t(c) = -c**3 - 11*c**2 + 15*c + 29. Give t(-12).
-7
Let k(v) = v**2 - 10*v + 10. Calculate k(8).
-6
Let a(h) = -h + 29. Calculate a(8).
21
Let f(g) = g**3 + 5*g**2 + 2*g - 3. Determine f(-4).
5
Let d(m) = -m**3 - 13*m**2 + 4*m + 17. Calculate d(-13).
-35
Let l(s) = 17*s**2 - s. Give l(1).
16
Let f(t) = -t**3 - 24*t**2 - 68*t - 114. Determine f(-21).
-9
Let x(t) = t**3 + 8*t**2 - 11*t - 13. What is x(-9)?
5
Let i(m) = 5*m**2 - 2*m - 1. Give i(-1).
6
Let m(f) = 44*f - 120. What is m(3)?
12
Let y(g) = -g**3 + 8*g**2 - 22*g + 57. Calculate y(5).
22
Let v(i) = -i**2 - 16*i + 1. Determine v(-16).
1
Let a(v) = v**3 - 7*v**2 - 42*v - 25. What is a(11)?
-3
Let s(i) = i**3 - 6*i**2 - 3*i + 6. Calculate s(7).
34
Let y(m) = m**3 + 2*m**2 + 22*m + 106. Calculate y(-4).
-14
Let u(g) = g**3 + 11*g**2 - 4*g - 46. Calculate u(-11).
-2
Let b(p) = -2*p**2 - p + 7. What is b(-7)?
-84
Let p(b) = b + 6. Determine p(10).
16
Let g(m) = -m**2 + m + 44. Determine g(7).
2
Let t(x) = x**3 - 6*x**2 - 6*x + 4. Determine t(6).
-32
Let o(v) = -v